4) - 4)*3. Let m(j) = j**2 + 4*j - 1. Calculate m(n).
4
Let d(i) = -218*i + 1294. Let g be d(6). Let m(y) = -7*y - 96. What is m(g)?
2
Let w(v) = 5*v**2 - 8*v. Let h(f) = -f**2 + 9*f - 7. Let z(s) = -s + 1. Let m(g) = -4*h(g) - 28*z(g). Let r(l) = -6*m(l) + 5*w(l). Calculate r(-8).
0
Let y(d) be the first derivative of d**3/3 + 7*d**2/2 + 9*d + 222. Suppose -4*a = -h - 9, a + 33 - 6 = -3*h. Let p = -15 - h. Determine y(p).
3
Let u(x) be the third derivative of x**5/30 + 2*x**4/3 - 11*x**3/3 - 1489*x**2. Calculate u(-9).
-4
Let z be 27/(-4)*24/(-9). Let i(t) = z - t**2 + 16 - 38 + 0*t - 4*t. Give i(-6).
-16
Suppose -g + 2 = g + 4*j, j = 4. Let q(d) = -d**2 + 21662 + 6*d - 21653 - 11*d. What is q(g)?
-5
Let q(s) be the first derivative of -5*s**3/3 + 5*s**2/2 - 4*s - 2814. Give q(3).
-34
Let y be 1/(1/((-4)/((-20)/25))). Let f(v) = 13*v - 46*v - y + 15*v + 17*v. Let w = 6 - 15. Calculate f(w).
4
Suppose 109 = 3*v - 7*p + 2*p, 4*v + 5*p = 87. Let j(r) = 6*r - v*r + 21*r. Determine j(-3).
3
Let d = 752 + -742. Suppose -86 + 96 = -d*k. Let h(n) = -5*n**2 + 4*n + 3. What is h(k)?
-6
Let s(m) = m - 4. Let c(n) = -4*n**3 + 2*n - 2. Let g be c(2). Let a = g - -55. Suppose a - 1 = 4*b. Determine s(b).
2
Suppose 379*m - 17 = 362*m. Let d(l) be the second derivative of 7*l**4/6 - l**3/6 + 2*l. Calculate d(m).
13
Let c(a) be the first derivative of 3*a**2/2 - 13*a - 69. Let b(g) = 5*g - 24. Let l(k) = -6*b(k) + 11*c(k). Give l(-5).
-14
Let y(o) = 2*o**3 - 3*o**2 + 3*o + 3. Let s(w) = -6*w**2 + 1027*w - 1188. Let a be s(170). Give y(a).
13
Let c(u) be the second derivative of 1/2*u**3 - 1 + 1/2*u**4 - 3/2*u**2 - 1/20*u**5 - 13*u. Give c(7).
-31
Let r(k) = k**2 - 6*k - 6. Let c be r(7). Let v be 7*(0 + 2/c). Let i(s) = -8*s**3 + 0*s**3 - 13 + v + 3*s**3 + s. Calculate i(-1).
5
Let b(h) = h**3 + 11*h**2 + h + 8. Let y(k) = -k**3 + 16*k**2 + 20*k - 42. Let z be y(17). Suppose -t = z*t. Suppose q - 7 + 18 = t. Give b(q).
-3
Let j = -464 + 454. Let u(t) = -t**3 - 9*t**2 + 10*t + 14. Calculate u(j).
14
Let f(o) = 11*o - 2*o**3 + 9*o**2 + 17 - o - 19 + 3*o**3. Let a(l) = -2*l**2 + l + 14. Let w be a(-3). What is f(w)?
26
Let m(a) be the second derivative of 0 - 28*a - 8*a**2 - 1/3*a**3. Let h be m(-11). Let r(d) = d - 10. Give r(h).
-4
Let n(q) = q + 56. Let g be n(29). Let j(l) = 58*l**2 - g*l**2 + 14 + 39*l**2 + l**3 + 2*l. Determine j(-12).
-10
Let s be (2 - (14/28)/((-2)/8))/2. Let i(w) be the first derivative of -1/3*w**3 + 7/2*w**s + 28 - 2*w. Give i(7).
-2
Let y(w) = w - 9. Let h = 820 - 651. Let r = -164 + h. Give y(r).
-4
Suppose 0 = -7*c + 8*c - 4*a + 73, 0 = -c - 3*a - 108. Let o = 99 + c. Let b(i) = -3*i + 4. What is b(o)?
-14
Let n = 3 + -5. Let f = -1 + n. Let c(w) = w - 431 + 243 + 194. Give c(f).
3
Let g(w) = -11*w**2 + 4*w - 7. Let h(c) = -4*c**3 - 34*c**2 + 59*c - 7. Let d be h(-10). Determine g(d).
-94
Let z(s) = s**3 + 26*s**2 + 27*s + 11. Suppose 0 = -w + 2*f - 39, 5*w - 182*f = -187*f - 90. Determine z(w).
-39
Let l = 7590 - 7592. Let u(x) = x**2 + 2*x + 8. Give u(l).
8
Suppose -3*i - 5 = 5*v, i + i = -3*v - 2. Let m(f) = -f + 3. Let u(a) = -6*a + 13. Let h = 360 + -370. Let q(g) = h*m(g) + 2*u(g). Calculate q(v).
4
Let u(h) be the third derivative of h**5/120 + h**4/6 - 16*h**3 - 56*h**2. Let t(s) be the first derivative of u(s). What is t(4)?
8
Let c = -193 + 196. Let f(i) = -5*i**2 + 10*i**2 + 3 - 4*i**c + 3*i**3 + 1. Calculate f(5).
4
Let o(u) be the first derivative of -8*u - 5*u**2 - 1/4*u**4 - 10/3*u**3 + 12. Suppose 4*z - 14 = 2*h - 0*h, -3*z - 3 = 0. Give o(h).
1
Let i(m) = m - 8. Suppose 0 = 8*g - 59 - 13. Suppose 0 = -8*a - g*a - a. What is i(a)?
-8
Let v = 1133 - 1137. Let y(p) = -p**3 - 4*p**2 + 5*p + 1. Calculate y(v).
-19
Let w be (-3)/(-9) - 1/3. Let j(u) = 2*u**3 - 6*u**2 + u + 1. Let l(k) = -15*k**3 + 47*k**2 - 7*k - 26. Let o(f) = -8*j(f) - l(f). Calculate o(w).
18
Let l(k) be the third derivative of k**5/20 + k**4/8 - 31*k**3/6 + 12*k**2 - 18. Calculate l(-5).
29
Let g(z) = -z**3 + 14. Let h(q) = -q**3 + 3*q**2 + 21*q - 9. Let s be h(6). Suppose s*x + 18*x = 0. What is g(x)?
14
Let k(f) = 3*f**3 + 2*f + 2. Let t(c) = -19*c**3 + 5*c**2 - 6*c - 18. Let m(w) = -6*k(w) - t(w). Give m(6).
6
Let c(o) = -o**3 - 21*o**2 + 2. Suppose 33 = -4*i - 51. Let u be c(i). Let k(w) = 1308*w - 2*w**3 + 3*w**3 + 2*w**2 - 1309*w - u. Give k(2).
12
Let g be (-204)/85*(-5)/2 - 11. Let v(h) = 2*h**2 - 5*h - 59. What is v(g)?
16
Let f be 285/76 + (-1)/(-4). Suppose 52 + 12 = -f*a. Let o = -15 - a. Let d(y) = y - 1. What is d(o)?
0
Let w(f) = f**2 - 2*f + 1. Let b be (-1)/(7 + (-4 - 4) + 0). What is w(b)?
0
Suppose -47 = -23*d - 1. Let u(b) = -15*b**2 - 7*b + 3. Let a(h) = 5*h**2 + 2*h - 1. Let p(q) = d*u(q) + 7*a(q). What is p(2)?
19
Let h = -54 - -57. Let f(r) = -3*r**h + 6*r**3 - 4 - 4*r**3. Let q be f(-2). Let a(x) = -2*x + 4. Give a(q).
-4
Let s(c) = -125*c**2 - 96*c + 65. Let u(x) = -44*x**2 - 32*x + 22. Let d(o) = -6*s(o) + 17*u(o). What is d(-16)?
-16
Let c = -1 + 4. Let f(q) be the second derivative of -q**4/12 - 2*q**3/3 + 23*q**2 + 21*q + 3. Let i(a) be the first derivative of f(a). Determine i(c).
-10
Let u(k) be the second derivative of k**4/12 + 3*k**3/2 + 13*k**2/2 + 528*k. What is u(-6)?
-5
Suppose 0 = 8*h - 4*h - 8. Let n(l) = -9*l**3 - 5*l + 11. Suppose -20 = 16*a - 21*a. Let k(z) = 5*z**3 + 3*z - 6. Let g(p) = a*n(p) + 7*k(p). Give g(h).
-4
Suppose 505*a + 54 = 481*a - 66. Let d(x) = -2*x**2 - 3*x + 20. Calculate d(a).
-15
Suppose 11*s - 6*s = 4*s - 5. Let j(h) = 2*h**2 - 29*h - 179. What is j(s)?
16
Let b(f) = 217*f - 191. Let p(n) = -491*n + 382. Let g(a) = 9*b(a) + 4*p(a). What is g(-19)?
18
Let l = -13 - -26. Suppose 8*p + 9*p = l*p. Let d be (p - -2)/((-138)/30 - -5). Let x(h) = -h**2 + 5*h + 6. Determine x(d).
6
Let b(d) = -4*d**2 - 7*d + 8. Let i(z) = -2*z**2 - 243*z + 617. Let u be i(-124). Calculate b(u).
-7
Let l be 2 - (0 - 1 - -2). Let n(a) = 10*a + 105. Let r be n(-6). Let b(m) = 10*m**3 + 10 - 9 - 47*m + r*m. Calculate b(l).
9
Let c(n) be the third derivative of 2*n**3 + 2*n + 0 - 10*n**2 + 1/24*n**4. Calculate c(-7).
5
Let q(v) = -v**3 + 2*v**2 + 3*v - 4. Suppose 5*p = 3*s + 19, 10 = 5*p - 2*s - 6. Let b be q(p). Let m(t) = 13*t + 1 - 8*t - 1 - 7 + t**b. Calculate m(-6).
-1
Let u(l) = l**2 - 10*l - 15. Let b(x) = -20*x - 446. Let j be b(-22). What is u(j)?
81
Suppose -52 = -2*o + 2*h, 2*o - 65*h = -69*h + 28. Let j(d) = -d**2 + 2*d + 441. Determine j(o).
1
Suppose 0*k - 3*h - 29 = 2*k, 3*k - 4*h = -1. Let c(s) be the third derivative of s**4/8 + s**3 + 153*s**2 - s + 2. Determine c(k).
-15
Let t(m) = -2*m - 31. Let q be (9 - (-195)/(-21)) + 917/(-49). Determine t(q).
7
Let s = 603 + -598. Suppose 0 = -q - 4*b + 21 + 3, -2*q = s*b - 36. Let o(u) = -u**2 + 5*u + 7. What is o(q)?
-17
Let b(k) = -k**3 - 18*k**2 - 39*k - 119. Suppose -16 - 176 = -3*m + 15*m. What is b(m)?
-7
Let f(b) = -26*b - 65*b + 2*b**2 + 152*b - 58*b - 1 + 2 - b**3. Calculate f(-3).
37
Let h = -4 + 1. Let w(s) = -3*s + 5*s**3 + 3 - 4981*s**2 + 5*s - 6*s**3 + 4976*s**2 + s. What is w(h)?
-24
Suppose 0 = -x + 12 - 11. Let s(t) = -88*t + x + 90*t - 1. Determine s(6).
12
Let q(g) = 2*g**3 - 14*g**2 + 11*g + 14. Let s(x) = -x - 6. Let j be s(-12). Determine q(j).
8
Suppose 3671*n = 3700*n - 406. Let m(x) = x**2 - 13*x + 8. What is m(n)?
22
Let k(u) = -2*u + 97. Let s(c) = 8*c - 322. Let v(g) = 3*k(g) + s(g). Calculate v(14).
-3
Suppose -441*i + 425*i + 704 = 0. Let j(v) = -v**2 + 49*v - 219. Calculate j(i).
1
Suppose -91*o = 67 + 369 + 110. Let z(v) = 5*v**2 + 32*v + 13. What is z(o)?
1
Let c(t) be the third derivative of -t**5/60 + 11*t**4/8 + 193*t**3/6 + 180*t**2 - 13*t. Determine c(38).
3
Let q(c) be the first derivative of -9*c + 5/2*c**2 - 1/4*c**4 + c**3 - 24. What is q(4)?
-5
Suppose 4*m = 6 + 18. Suppose 5 = m*z - 5*z. Let o(y) = y + 9 - z - 1. Determine o(-5).
-2
Let r be ((-243)/(-15))/3 - (-16)/(-40). Suppose -4*x + 5*n = 2*n - 206, r*x - 269 = -2*n. Let i = x + -53. Let v(o) = o**2 - o + 1. What is v(i)?
1
Let s(d) = -5*d + d**3 - 11*d**2 - 2*d + 94 - 6*d - 102. Suppose 0 = -x + 2*k + 6, -4*x + 2*k + 26 + 16 = 0. Calculate s(x).
-20
Let h = -418 + 439. Suppose -2*y = -5*j + 14, 3*y + 2*j - h = -j. Let w(f) = -f - 4. Determine w(y).
-7
